{"id":430,"date":"2020-11-25T22:23:51","date_gmt":"2020-11-25T22:23:51","guid":{"rendered":"https:\/\/merkatusoziala.eus\/azoka20\/?page_id=430"},"modified":"2020-11-27T18:37:42","modified_gmt":"2020-11-27T18:37:42","slug":"escaparate-virtual-empresas","status":"publish","type":"page","link":"https:\/\/merkatusoziala.eus\/azoka20\/es\/escaparate-virtual\/escaparate-virtual-empresas\/","title":{"rendered":"<span class='c1'>Escaparate Virtual &#8211; Empresas<\/span>"},"content":{"rendered":"\n<p>\u00bfSabes que varios de tus proveedores pueden ser de la econom\u00eda solidaria?&nbsp;<\/p>\n\n\n\n<p>Desde el servicio de limpieza de tu oficina, a la contrataci\u00f3n de la luz o los servicios financieros con lo que realizas los cobros y pagos, incluso la agencia de comunicaci\u00f3n de tu siguiente campa\u00f1a publicitaria o el catering del pr\u00f3ximo evento pueden provenir de entidades solidarias.&nbsp;<\/p>\n\n\n\n<p>\u00bfEs m\u00e1s caro y\/o de peor calidad? Te invitamos a descubrirlo por ti misma pero te adelantamos que las alternativas solidarias, adem\u00e1s de poner a las personas en el centro de su actividad cuidan cada detalle de su actividad profesional, puesto que la rentabilidad sigue siendo una pieza clave para su desarrollo.&nbsp;&nbsp;<\/p>\n\n\n\n<p><strong>Como entidad, tienes varias alternativas que puedes comprar o contratar. Te invitamos a investigar las diferentes entidades, productos y servicios del mercado social por cada sector:<\/strong><\/p>\n\n\n<div class='mosaico sectores'><\/div>\n\n\n\n<div style=\"height:20px\" aria-hidden=\"true\" class=\"wp-block-spacer\"><\/div>\n\n\n<div class='mosaico sectores'><\/div>\n\n\n\n<div class=\"wp-block-columns are-vertically-aligned-center verde\">\n<div class=\"wp-block-column is-vertically-aligned-center verde\" style=\"flex-basis:66.66%\">\n<p class=\"has-text-align-center verde typing\">Descubre todas las ofertas que tienen en marcha<br> las entidades, \u00a1no te las puedes perder!<\/p>\n<\/div>\n\n\n\n<div class=\"wp-block-column is-vertically-aligned-center black\" style=\"flex-basis:33.33%\">\n<p class=\"has-text-align-center boton\"><a href=\"https:\/\/merkatusoziala.eus\/azoka20\/es\/catalogo-virtual\/ofertas-del-mercado-social\/?to=2\">ofertas_<\/a><\/p>\n<\/div>\n<\/div>\n\n\n\n<div style=\"height:100px\" aria-hidden=\"true\" class=\"wp-block-spacer\"><\/div>\n","protected":false},"excerpt":{"rendered":"<p>\u00bfSabes que varios de tus proveedores pueden ser de la econom\u00eda solidaria?&nbsp; Desde el servicio de limpieza de tu oficina, a la contrataci\u00f3n de la luz o los servicios financieros con lo que realizas los cobros y pagos, incluso la agencia de comunicaci\u00f3n de tu siguiente campa\u00f1a publicitaria o el catering del pr\u00f3ximo evento pueden [&hellip;]<\/p>\n","protected":false},"author":1,"featured_media":0,"parent":34,"menu_order":0,"comment_status":"closed","ping_status":"closed","template":"","meta":{"_coblocks_attr":"","_coblocks_dimensions":"","_coblocks_responsive_height":"","_coblocks_accordion_ie_support":""},"_links":{"self":[{"href":"https:\/\/merkatusoziala.eus\/azoka20\/wp-json\/wp\/v2\/pages\/430"}],"collection":[{"href":"https:\/\/merkatusoziala.eus\/azoka20\/wp-json\/wp\/v2\/pages"}],"about":[{"href":"https:\/\/merkatusoziala.eus\/azoka20\/wp-json\/wp\/v2\/types\/page"}],"author":[{"embeddable":true,"href":"https:\/\/merkatusoziala.eus\/azoka20\/wp-json\/wp\/v2\/users\/1"}],"replies":[{"embeddable":true,"href":"https:\/\/merkatusoziala.eus\/azoka20\/wp-json\/wp\/v2\/comments?post=430"}],"version-history":[{"count":4,"href":"https:\/\/merkatusoziala.eus\/azoka20\/wp-json\/wp\/v2\/pages\/430\/revisions"}],"predecessor-version":[{"id":650,"href":"https:\/\/merkatusoziala.eus\/azoka20\/wp-json\/wp\/v2\/pages\/430\/revisions\/650"}],"up":[{"embeddable":true,"href":"https:\/\/merkatusoziala.eus\/azoka20\/wp-json\/wp\/v2\/pages\/34"}],"wp:attachment":[{"href":"https:\/\/merkatusoziala.eus\/azoka20\/wp-json\/wp\/v2\/media?parent=430"}],"curies":[{"name":"wp","href":"https:\/\/api.w.org\/{rel}","templated":true}]}}